b(r) = 113*r**2 + 7*r + 394. What is the tens digit of b(9)?
1
Suppose 4*q - 1584 = -3*n + 88133, n = 4*q + 29879. What is the tens digit of n?
9
Suppose -4939 - 27880 = -t + j, 2*t - 65623 = -j. What is the units digit of t?
4
Let n = -39 + 43. Suppose -3*f = -2*w + 9, 0 = -2*w + 2*f - 4*f + n. What is the units digit of (w - 15/(-5)) + 2?
8
Let s = 350 + -1023. Let z = 1037 + s. What is the units digit of z?
4
Suppose 3*t - 2*t = 7. Let b(l) = l - 11. Let c be b(t). Let k(u) = u**3 + 6*u**2 + 4*u + 1. What is the units digit of k(c)?
7
Let c(o) = -o**2 + 11*o - 75. Let s be c(15). Let p = s + 345. What is the tens digit of p?
1
Suppose 3*b - v + 22 = 0, 4 = -2*b - 5*v + 3*v. Let x(k) = -2*k**3 - 2*k - 50. What is the units digit of x(b)?
4
Suppose 2*c + 10*t - 13*t - 16680 = 0, 5*t = -5*c + 41700. Suppose -c = -21*v - 486. What is the tens digit of v?
7
Suppose 0 = 4*k - g + 21, -2*k = -g + 8 + 3. Let u be (6/k)/((-3)/(-15)). What is the hundreds digit of u/21 - (-1 + (-1614)/14)?
1
Let j(p) = p**3 + 40*p**2 + 59*p + 27. What is the thousands digit of j(-18)?
6
Let t(g) = 8*g - 181. Let u be t(23). Suppose -j + 840 = u*j. What is the hundreds digit of j?
2
Suppose 61908 = -140*a + 154*a. What is the units digit of a?
2
What is the thousands digit of (-17179)/(-4) - 122/(-488)?
4
Let y(h) = h + 9. Let k be y(-4). Suppose -5*z + b = 3*b - k, -3*z + 14 = -b. Suppose -z*c + 5*m + 315 = 0, -5*c + m = -2*c - 303. What is the tens digit of c?
0
Let x be 0 - ((-5803)/28)/((-1)/(-4)). Suppose -3*w + 4*d - x = -8*w, 0 = 5*w + 5*d - 825. What is the tens digit of w?
6
Let q = -126 - -213. Suppose -392 = -4*j - 0*n - 5*n, 4*n - q = -j. Suppose 4*c - 53 - j = -4*u, c + 171 = 5*u. What is the tens digit of u?
3
Let n be 4*1 + (-220)/(-22). Suppose 0 = -3*i - 0*r - 5*r - 13, -n = -i + 2*r. Let h(s) = 34*s + 4. What is the hundreds digit of h(i)?
1
Let k(b) = b - 8. Let c be k(13). Suppose 66 = 11*s - c*s. Let g(v) = v**3 - 11*v**2 + 5*v + 10. What is the units digit of g(s)?
5
Suppose 6*b - 15*b + 126 = 0. Suppose -3*z = -4*d - z + 22, -2*d - b = 4*z. Suppose -w - w = -d*o - 49, 0 = 5*w - 3*o - 100. What is the tens digit of w?
1
Suppose 93001 = -9*z + 26365. What is the tens digit of 2/(24/18) - z/8?
2
Let w(p) = -p**3 - 3*p**2 + 6*p + 6. Let s(j) = -j - 2. Let x be s(1). Let v be w(x). Let z = v - -15. What is the units digit of z?
3
Suppose 4*w - 26 = -5*h, 0*w = -2*h - 4*w + 8. Suppose h*j - 14*j = 56. What is the tens digit of (-11010)/(-70) - 1*(-2)/j?
5
Suppose -u - 4*c + 38275 = 0, -u - 7*c = -10*c - 38296. What is the ten thousands digit of u?
3
Suppose 17*l = 26*l - 13*l + 99292. What is the hundreds digit of l?
8
Let u(i) be the second derivative of i**4/2 - 5*i**3/6 - 6*i**2 - 2*i + 16. What is the units digit of u(-9)?
9
Suppose -9*u + 185 = 32. Suppose -24*g + 1148 = -u*g. What is the hundreds digit of g?
1
Let i(d) = -154*d - 38. Let x be (28/(-56))/((-1)/(-6)). What is the tens digit of i(x)?
2
Let i = -8607 + 14825. What is the hundreds digit of i?
2
Let z be (-96)/36*(2 - 8) + 2. Suppose -40 = -4*c - 2*s, -2*s + 6 = 2*c - z. Suppose c*a - 595 = -51. What is the units digit of a?
8
Let y(i) = 7*i**3 - 5*i**2 - 5*i + 60. Let a be y(4). Suppose 0*o - 3*r = 3*o - 42, 0 = 4*o - 4*r - 24. Suppose o*u - a = -2*u. What is the units digit of u?
4
Let p(q) = 20*q**2 + 45*q + 94. Let f be p(-2). Suppose -4*x + 3*a + 0*a = 171, 0 = -3*x - 3*a - 144. Let g = x + f. What is the tens digit of g?
3
Suppose -172*f - 16*f - 2*f = -15319700. What is the ten thousands digit of f?
8
Suppose 4*n - n + 3 = 0, 3*g + n = 4511. Let l = 2806 - g. What is the units digit of l?
2
Let z be 1 - -3 - (-1 - -1) - -77. Suppose -4*c + 8 = -0. Suppose -3*y - 7*m + 283 = -c*m, -y = -5*m - z. What is the units digit of y?
1
Let p = 35 - 30. Let w(k) = 10*k**2 - 6*k - 17. What is the tens digit of w(p)?
0
Suppose 5*w + 4*x = -16, -w = -3*w + 4*x + 16. Suppose 0 = 3*b - 15 - w. Suppose 4*u - 914 + 100 = -b*i, -5*i = 3*u - 813. What is the hundreds digit of i?
1
Suppose -13 = 3*n - 31*r + 33*r, 4*n = 5*r - 2. Let m(h) = 0*h**2 - 6 + 8*h**2 + 6 - 3*h. What is the units digit of m(n)?
1
What is the units digit of (-693 + 1)/((-328)/3034)?
1
Let w(g) = -25*g**3 - 4*g**2 - 8*g - 3. Let i be w(5). Let r = i - -4895. What is the units digit of r?
7
Suppose -22694 = -4*u + 2*w, 3*u + 30*w = 25*w + 16975. What is the thousands digit of u?
5
What is the tens digit of (1 - (0 + 0))/((-3421726)/90046 + 38)?
9
Let y = 57 - 56. Let l be ((-1)/y)/(2/((-378)/(-7))). What is the units digit of (-546)/l + 6/(-27)?
0
Let x be (1 + 746)/(36/(-48)). Let f = -384 - x. What is the hundreds digit of f?
6
Let t(q) be the first derivative of q**2/2 + 10*q - 6. Let z be t(-10). Suppose 2*y - 10 = -2*b - 0*y, z = 4*b + y - 17. What is the units digit of b?
4
Let h(o) = 223*o - 47. Let v be h(15). Suppose -5*m + 632 = -v. What is the hundreds digit of m?
7
Let y(f) = -607*f - 2778. What is the tens digit of y(-53)?
9
Let w(c) = 795*c**3 - 3*c**2 + c + 1. Let o = -252 - -253. What is the tens digit of w(o)?
9
Let j be (24 - 22) + (-1 + 0 - -2607). Let q = -1634 + j. What is the units digit of q?
4
Let k(r) = 650*r + 824. What is the units digit of k(36)?
4
Suppose 3*v + 4110 = 8*v. Suppose 2*d = -0*d + v. Suppose -4*b - 3*i + 4*i = -d, -i = b - 99. What is the tens digit of b?
0
Let d(w) = -269*w + 11. Let f be d(-3). Suppose 7*n = 2276 + f. What is the tens digit of n?
4
Suppose -5*p + 11006 = 3*n - 2381, 3*p + 2*n - 8032 = 0. What is the tens digit of p?
7
Suppose 0 = 4*r - 2*u + 8, 5*r = -u + 4 - 0. Suppose r = -5*n + 9*n. Suppose 5*b - 206 = 2*b + 2*a, -2*b - 4*a + 148 = n. What is the tens digit of b?
7
Suppose -5*o = 0, 5*o = -4*l - 26 + 2. Let h be l*(3 + 7/(-2)). Suppose -f - h = -6. What is the units digit of f?
3
Let d = 1141 - -206. Suppose 0 = -8*t + d - 371. What is the units digit of t?
2
Let k(z) = 7*z**3 - 3*z**2 + 1. Let g be k(1). Suppose 2*s = g*y - 387 - 107, -509 = -5*y - 3*s. What is the tens digit of y?
0
Suppose -14*z + 18*z - 59404 = 4*d, 0 = 2*z + d - 29711. What is the hundreds digit of z?
8
Let o(b) = -b**2 - 82*b - 717. Let c be o(-10). Let r = 494 + -244. Suppose c*d = -y + r, -3*d = 4*y - 2*y - 245. What is the units digit of d?
5
Let m(b) = 2*b**3 - 4*b**2 + 4. Let u be m(5). Suppose 5*l = s + 1352, 0 = 5*l + 6*s - 1572 + 269. Let t = l - u. What is the units digit of t?
5
What is the hundreds digit of ((-2111)/(-7))/(28/1372)?
7
Suppose -6*d + 8*d + 86 = 4*q, 4*q - 3*d = 87. What is the tens digit of 7*6/q + (235 - 0)?
3
Let w(c) = -12 + 24*c - 46*c + 26*c. Let s(u) = 3*u - 12. Let a(o) = -5*s(o) + 4*w(o). What is the units digit of a(4)?
6
Let c(v) be the first derivative of 34*v**3/3 + 2*v**2 + 11*v + 32. Let j be (-7)/21*(6 + 0). What is the units digit of c(j)?
9
Suppose -25538 = 20*y - 158. Let k = y + 2444. What is the hundreds digit of k?
1
Suppose 0 = 121*y - 279239 - 362787. What is the units digit of y?
6
Let w(d) be the first derivative of 3*d**3 + 5*d + 18 + 2*d**2 + 7*d - 16*d. What is the tens digit of w(4)?
5
What is the units digit of -6 + -1 + 21/2*(133 + -1)?
9
Suppose 0 = -5*t - 3*o - 26, 14 = -4*t + 3*t - 5*o. Let y(r) = -4*r**3 - r**2 - r - 6. What is the units digit of y(t)?
8
Let v(a) = -93*a**3 + 3*a**3 - 128*a**3 + 2*a**2 + 2*a + 29*a**3. Let h(k) = -140*k - 281. Let d be h(-2). What is the hundreds digit of v(d)?
1
Suppose -2 = -8*v + 4*v - 5*c, v + 2*c + 1 = 0. Suppose -m + 307 = a - v*m, 1560 = 5*a - 5*m. Suppose 1114 + a = 9*i. What is the tens digit of i?
5
Suppose 4*x - 47328 = 2*v, -5*v - 13705 = -5*x + 45475. What is the units digit of x?
8
Let s be (-9 + (-366)/(-30))*5/1. Suppose f - 52 = z, -2 = s*z - 17*z. What is the units digit of f?
4
Suppose 5*v + b - 48074 + 9230 = 0, -4*v + 31060 = -3*b. Suppose -1547 = -5*o + v. Suppose 6*t = -615 + o. What is the tens digit of t?
0
Let s(b) = 346*b**2 + 3*b - 463. What is the ten thousands digit of s(16)?
8
Suppose -2*g + 46 = 2*g + f, -3*f + 18 = 2*g. Suppose 0 = -9*m + g*m - 8613. What is the units digit of 3/12 + m/36?
0
What is the tens digit of (-8)/(-120) + 827628/180?
9
Let r = 5 - 26. Let v(i) be the third derivative of -i**6/120 - i**5/3 + 19*i**4/24 + 4*i**3/3 + 300*i**2. What is th